 3.
0
Let m(w) = w + 13. What is the remainder when m(-8) is divided by (6/2 + 0)*1?
2
Let o(x) = x**2 + x + 3. Let i be o(0). Suppose i*q = 5*q - 82. Suppose -q - 35 = -2*v. Calculate the remainder when v is divided by 13.
12
Let v(a) = -2*a + 6. Let t be v(3). Suppose t = 12*m - 17*m + 15. What is the remainder when m is divided by (1/2)/((-2)/(-12))?
0
Let b(m) = -m**2 + 4*m. Suppose -5*p = -3*c - 156, -3*p + 2*c + 0*c = -93. What is the remainder when (p/(-6))/(2/(-4)) is divided by b(2)?
3
Let m = 2 - 0. Calculate the remainder when 25 is divided by (m/4 - 1)*-26.
12
Let h(y) = -2*y**2 - 24*y + 14. What is the remainder when h(-11) is divided by 14?
8
Let z = 0 - -15. Suppose -25 = -d - 4*d, 4*c - 3*d + z = 0. Let x = c + 7. What is the remainder when 20 is divided by x?
6
Calculate the remainder when 19 is divided by (-36)/(-7) - 2/14.
4
Let w(r) = r**3 - r + 11. Let z(u) = u**3 - 2*u**2 + 4*u - 2. Suppose 5*a - 7 - 3 = 0. What is the remainder when w(0) is divided by z(a)?
5
Suppose -74 - 91 = -5*a. What is the remainder when a is divided by 12?
9
Let q(h) be the first derivative of -23*h**2/2 - 4. Calculate the remainder when 68 is divided by q(-1).
22
Let y be 2/(-9) + (-114)/(-27). Let w(a) be the first derivative of 2*a**3/3 + a**2/2 - 5*a + 2. Calculate the remainder when w(y) is divided by 11.
9
Calculate the remainder when 50 is divided by ((-3)/5)/(5/(-225)).
23
Let a = -13 + 22. Suppose 2*i - 4 = 6*i. Calculate the remainder when ((i - -65)/(-4))/(-1) is divided by a.
7
Let q(t) = -t**3 + 3*t**2 - 6*t - 5. Let u(o) = -6*o**3 + 15*o**2 - 31*o - 26. Let s(c) = 11*q(c) - 2*u(c). What is the remainder when 33 is divided by s(-2)?
6
Let n(f) = -2*f + 3. Let a(j) = j - 3. Let b be a(-2). Calculate the remainder when n(b) is divided by 8.
5
Suppose -f = -3*f + 64. Let u = 22 + -5. Calculate the remainder when f is divided by u.
15
Let r be -5*1*(-2)/5. Let y(b) = -b + 21. What is the remainder when 31/((-2)/(0 - r)) is divided by y(10)?
9
Suppose -a + 24 = -9. What is the remainder when 124 is divided by a?
25
Let g be (-4)/(-6)*(1 - -5). Suppose -4*d + 2*d = -4*q - 8, -g*d - 3*q = -16. What is the remainder when 14 is divided by d?
2
Suppose -2*t - 8 = 2. Let s(c) = -2*c - 3. Let m = 30 + -12. What is the remainder when m is divided by s(t)?
4
What is the remainder when 1 + (14 - (2 + 0)) is divided by (-1)/(-3) - (-112)/24?
3
Suppose 0 = 2*a - 5 - 3. Suppose -a*l + 52 = -12. What is the remainder when 46 is divided by l?
14
Let j(s) = s**3 + s**2 + 11. Calculate the remainder when j(0) is divided by (-6)/(-3)*2/1.
3
Suppose 3*d = -2*s + 12, 5*d + 1 - 11 = 0. Suppose 3*a + 3*w - 3 = 9, -s*w - 12 = -5*a. Let l = 5 - 3. What is the remainder when a is divided by l?
1
Let n(j) = 2*j**3 - j**2 + 2*j - 4. Let t(f) be the first derivative of 5*f**3/3 - 3*f**2/2 + 2*f - 1. What is the remainder when n(3) is divided by t(2)?
15
Let b = -177 + 251. Let a be b/(-10) + 12/30. Let p = 12 + a. Calculate the remainder when p is divided by 3.
2
Suppose -u = 2*p + 6, 9*u - p - 9 = 8*u. Calculate the remainder when 15 is divided by u.
3
Suppose 6*r = 3*r + 24. Let s = 29 - 6. What is the remainder when s is divided by r?
7
Let t(z) = -z**2 + 10*z - 4. Let a be t(9). Let w = 28 - a. Let j(f) = 13*f**2 + f. Calculate the remainder when w is divided by j(-1).
11
Suppose -i = -4*n + 27, -9 + 39 = 5*n - 5*i. What is the remainder when 35 is divided by 1/(3/6) + n?
8
Let l(g) = 2*g**2 + g - 5. Calculate the remainder when l(-5) is divided by 7.
5
Suppose 0*u = u - 22. Let z = u - 8. Let l = 62 - 36. Calculate the remainder when l is divided by z.
12
What is the remainder when (15/30)/(2/148) is divided by 19?
18
Let o(q) = 2*q**2 - 6*q + 3. What is the remainder when 16 is divided by o(4)?
5
Suppose x = 5*a + 29, 0 = 3*x + 4*a - 1 - 10. What is the remainder when 5 is divided by 38/x - (-8)/(-36)?
1
Let k = -44 + 66. Suppose 0 = -6*s + 326 + 190. Calculate the remainder when s is divided by k.
20
Suppose 2 = 2*x - 10. What is the remainder when 2/x + 1736/21 is divided by 21?
20
What is the remainder when 29 is divided by (-75)/(-9) + 3/(-9)?
5
Let y be (-4 + 3/1)/1. Let r(g) = 3*g**2 + 1. Let c be r(y). Suppose -x - 2*z + 3 + 3 = 0, 0 = c*x + z - 24. What is the remainder when 16 is divided by x?
4
Let g = 59 - 17. Let j = g - -5. Let m = j + -15. Calculate the remainder when m is divided by 11.
10
Let c(q) = -2*q**2 + 9*q. What is the remainder when c(4) is divided by 4?
0
Suppose 0*x + 4*x = 0. Suppose b + x*b = 55. Calculate the remainder when b is divided by 14.
13
Let o(q) = q**2 - 10*q - 8. Let t be o(11). Suppose -3*c - x + 148 = 0, 56 = 4*c - t*c - 3*x. What is the remainder when c is divided by 26?
24
Let l(g) = 57*g**2 + g + 1. Let r be l(-1). Suppose 3*b - 148 = -p - r, -b + 3*p = -37. What is the remainder when b is divided by 9?
4
Suppose 154 = 3*p + 5*q, p + 3*q - 38 = 12. What is the remainder when p is divided by 18?
17
Let w = 10 + -2. Suppose -w = 3*r - 23. Calculate the remainder when 17 is divided by (6/r)/((-16)/(-120)).
8
Let w = 35 - 19. Calculate the remainder when 46 is divided by w.
14
Calculate the remainder when 222/(-9)*(-6)/4 is divided by 13.
11
Let b(a) = 7*a - 21. What is the remainder when 20 is divided by b(5)?
6
Let l(v) = 4*v**2 + v - 1. Let k be l(2). Suppose -3*y + 3*x - k = -56, -4*x = 4*y - 28. What is the remainder when (-12)/(3 + (-33)/y) is divided by 21?
19
Let l(u) = u**2 + 9*u + 5. Let i(b) = -b - 6. Let f be i(0). Let s be l(f). Let z = s - -22. What is the remainder when 26 is divided by z?
8
Suppose -6*b + 555 = 87. Calculate the remainder when b is divided by 16.
14
Let m(o) = o**3 + 8*o**2 + 4*o - 2. Calculate the remainder when m(-5) is divided by (6 + -3)/(3/14).
11
Suppose 5*g - 4*n = 37, -5*n = 4*g - n - 8. Suppose 0 = -f - c + 4, 2*c = -3*f + 5*c. Calculate the remainder when g is divided by f.
1
What is the remainder when 64 is divided by (-334)/(-10) + (-2)/5?
31
Let f = -41 - -57. What is the remainder when 55 is divided by f?
7
What is the remainder when 47 is divided by 22 - (0/(-4) + -2)?
23
Let d = -16 - -25. Let u(y) = 3*y + 4. Let z = -17 + 28. What is the remainder when u(d) is divided by z?
9
Let v(y) = 7*y - 2. Calculate the remainder when v(5) is divided by ((-2)/1)/((-14)/119).
16
Let t be (-5)/(-20) - (-334)/8. Let y = -23 + t. What is the remainder when 54 is divided by y?
16
What is the remainder when (-2)/7 - 184/(-7) is divided by ((-42)/12)/((-1)/2)?
5
Let y = 14 + 8. What is the remainder when 43 is divided by y?
21
Let d = 172 - 88. Suppose 0 = -2*j - 2*j + d. What is the remainder when 83 is divided by j?
20
Suppose 11*y - 130 = 9*y. Calculate the remainder when y is divided by 22.
21
Suppose -4*k = -4*y, -5*y - 2 + 42 = 3*k. Suppose -s = 5*f - 51, -y*f + 4*s + 21 = -50. Calculate the remainder when f is divided by 3.
2
Suppose 0 = -4*q - 12, 7*c - 18 = 4*c + 3*q. Suppose -4*d - 5*g = -89, -c*d = d - g - 107. Calculate the remainder when 37 is divided by 4/(-1)*d/(-8).
11
Suppose 9 = 3*c - 18. Calculate the remainder when 26 is divided by c.
8
Let g = 32 + 38. Calculate the remainder when g is divided by 18.
16
What is the remainder when 34 is divided by 2*(7 + -3) - 2?
4
Let y(t) = t + 2. Let q be y(0). Suppose q*u + 2 = 8. What is the remainder when 4 is divided by u?
1
Suppose -4*l + m + 3*m = 0, 3*m = -5*l + 16. Suppose -21 = -f + 3*w, -4*f = 7*w - l*w - 135. What is the remainder when f is divided by 11?
8
Suppose 4*a + z = 105 + 151, -3*z = 5*a - 320. Calculate the remainder when a is divided by 14.
8
Suppose -4*f = -r - 1 - 56, 3*f + r = 41. What is the remainder when 53 is divided by f?
11
Let z(j) = 2*j**2 + j - 6. Calculate the remainder when 31 is divided by z(-3).
4
Suppose 2*m + 122 = 4*m. What is the remainder when m is divided by 8?
5
Calculate the remainder when (-51)/(-1) + (7 - 8) is divided by 13.
11
Let r(g) = g. Let d be r(3). Suppose -d*o - 3 = -48. Calculate the remainder when 59 is divided by o.
14
Let v(d) = -d + 17. Calculate the remainder when 2 is divided by v(16).
0
Suppose 0 = -5*o + 3*o + 20. Suppose -26 = -4*z - 2. What is the remainder when o is divided by z?
4
Suppose -3*b = 2*s - 30, -2*s + 5 = -2*b - 45. Let u = 7 - -5. What is the rema